{"id":623,"date":"2022-07-25T15:46:34","date_gmt":"2022-07-25T15:46:34","guid":{"rendered":"https:\/\/starbelly-demo.bslthemes.com\/?page_id=623"},"modified":"2024-01-25T00:34:10","modified_gmt":"2024-01-24T23:34:10","slug":"finansowanie","status":"publish","type":"page","link":"https:\/\/forum-soleckie2025.pl\/?page_id=623","title":{"rendered":"Dofinansowanie projektu"},"content":{"rendered":"\t\t<div data-elementor-type=\"wp-page\" data-elementor-id=\"623\" class=\"elementor elementor-623\">\n\t\t\t\t\t\t\t\t\t<section class=\"elementor-section elementor-top-section elementor-element elementor-element-bc370f0 elementor-section-full_width elementor-section-height-default elementor-section-height-default\" data-id=\"bc370f0\" data-element_type=\"section\">\n\t\t\t\t\t\t<div class=\"elementor-container elementor-column-gap-no\">\n\t\t\t\t\t<div class=\"elementor-column elementor-col-100 elementor-top-column elementor-element elementor-element-af2bed4\" data-id=\"af2bed4\" data-element_type=\"column\">\n\t\t\t<div class=\"elementor-widget-wrap elementor-element-populated\">\n\t\t\t\t\t\t\t\t<div class=\"elementor-element elementor-element-b69c594 elementor-widget elementor-widget-starbelly-intro\" data-id=\"b69c594\" data-element_type=\"widget\" data-widget_type=\"starbelly-intro.default\">\n\t\t\t\t<div class=\"elementor-widget-container\">\n\t\t\t\n\t\t<!-- banner -->\n\t\t<section class=\"sb-banner sb-banner-xs sb-banner-color\">\n\t\t\t<div class=\"container\">\n\t\t\t\t<div class=\"row\">\n\t\t\t\t\t<div class=\"col-lg-12\">\n\t\t\t\t\t\t<!-- main title -->\n\t\t\t\t\t\t<div class=\"sb-main-title-frame\">\n\t\t\t\t\t\t\t<div class=\"sb-main-title\">\n\t\t\t\t\t\t\t\t\t\t\t\t\t\t\t\t\t\t\t\t\t\t\t\t<h1 class=\"sb-title-el sb-h2\">\n\t\t\t\t\t\t\t\t\t<span >\n\t\t\t\t\t          Dofinansowanie projektu\t\t\t\t\t        <\/span>\n\t\t\t\t\t\t\t\t<\/h1>\n\t\t\t\t\t\t\t\t\t\t\t\t\t\t\t\t\t\t\t\t\t\t\t\t\t\t\t\t\t\t\t\t<ul class=\"sb-breadcrumbs\"><li><a href=\"https:\/\/forum-soleckie2025.pl\" title=\"Forum So\u0142eckie 2025\">Home<\/a><\/li><li class=\"sb-active\"><a ><\/a><\/li><\/ul>\t\t\t\t\t\t\t\t\t\t\t\t\t\t\t<\/div>\n\t\t\t\t\t\t<\/div>\n\t\t\t\t\t\t<!-- main title end -->\n\t\t\t\t\t<\/div>\n\t\t\t\t<\/div>\n\t\t\t<\/div>\n\t\t<\/section>\n\t\t<!-- banner end -->\n\n\t\t\t\t<\/div>\n\t\t\t\t<\/div>\n\t\t\t\t<section class=\"elementor-section elementor-inner-section elementor-element elementor-element-cf07cf5 elementor-section-boxed elementor-section-height-default elementor-section-height-default\" data-id=\"cf07cf5\" data-element_type=\"section\">\n\t\t\t\t\t\t<div class=\"elementor-container elementor-column-gap-default\">\n\t\t\t\t\t<div class=\"elementor-column elementor-col-50 elementor-inner-column elementor-element elementor-element-0eead4a\" data-id=\"0eead4a\" data-element_type=\"column\">\n\t\t\t<div class=\"elementor-widget-wrap elementor-element-populated\">\n\t\t\t\t\t\t\t\t<div class=\"elementor-element elementor-element-fdf0210 elementor-widget elementor-widget-heading\" data-id=\"fdf0210\" data-element_type=\"widget\" data-widget_type=\"heading.default\">\n\t\t\t\t<div class=\"elementor-widget-container\">\n\t\t\t<style>\/*! elementor - v3.14.0 - 26-06-2023 *\/\n.elementor-heading-title{padding:0;margin:0;line-height:1}.elementor-widget-heading .elementor-heading-title[class*=elementor-size-]>a{color:inherit;font-size:inherit;line-height:inherit}.elementor-widget-heading .elementor-heading-title.elementor-size-small{font-size:15px}.elementor-widget-heading .elementor-heading-title.elementor-size-medium{font-size:19px}.elementor-widget-heading .elementor-heading-title.elementor-size-large{font-size:29px}.elementor-widget-heading .elementor-heading-title.elementor-size-xl{font-size:39px}.elementor-widget-heading .elementor-heading-title.elementor-size-xxl{font-size:59px}<\/style><h2 class=\"elementor-heading-title elementor-size-default\">Wzmocnienie kompetencyjne przedstawicieli so\u0142ectw subregionu wa\u0142brzyskiego<\/h2>\t\t<\/div>\n\t\t\t\t<\/div>\n\t\t\t\t<div class=\"elementor-element elementor-element-7f8948d elementor-widget elementor-widget-text-editor\" data-id=\"7f8948d\" data-element_type=\"widget\" data-widget_type=\"text-editor.default\">\n\t\t\t\t<div class=\"elementor-widget-container\">\n\t\t\t<style>\/*! elementor - v3.14.0 - 26-06-2023 *\/\n.elementor-widget-text-editor.elementor-drop-cap-view-stacked .elementor-drop-cap{background-color:#69727d;color:#fff}.elementor-widget-text-editor.elementor-drop-cap-view-framed .elementor-drop-cap{color:#69727d;border:3px solid;background-color:transparent}.elementor-widget-text-editor:not(.elementor-drop-cap-view-default) .elementor-drop-cap{margin-top:8px}.elementor-widget-text-editor:not(.elementor-drop-cap-view-default) .elementor-drop-cap-letter{width:1em;height:1em}.elementor-widget-text-editor .elementor-drop-cap{float:left;text-align:center;line-height:1;font-size:50px}.elementor-widget-text-editor .elementor-drop-cap-letter{display:inline-block}<\/style>\t\t\t\t<p>Mamy przyjemno\u015b\u0107 poinformowa\u0107, \u017ce Fundacja Projekty Lokalne w latach 2023-2025 b\u0119dzie realizowa\u0107 zadanie \u201eWzmocnienie kompetencyjne przedstawicieli so\u0142ectw subregionu wa\u0142brzyskiego\u201d w ramach kt\u00f3rego, przez kolejne trzy lata zrealizuje m.in: 7 warsztat\u00f3w tematycznych, 3 edycje Forum So\u0142eckiego Subregiony Wa\u0142brzyskiego, 4 filmy edukacyjne ora broszur\u0119, b\u0119d\u0105c\u0105 wynikiem wsp\u00f3\u0142pracy z ekspertami z r\u00f3\u017cnych dziedzin.<\/p><p><strong>Celem projektu jest podniesienie poziomu wiedzy przedstawicieli so\u0142ectw subregionu wa\u0142brzyskiego na trzech g\u0142\u00f3wnych obszarach tematycznych: finanse so\u0142ectwa, aktywizacja spo\u0142eczno\u015bci lokalnych oraz ekologia.<\/strong><\/p><p>O wszystkich wydarzeniach b\u0119dziemy informowa\u0107 Pa\u0144stwa na bie\u017c\u0105co!<\/p><p>Zapraszamy \u2013 Fundacja Projekty Lokalne<\/p>\t\t\t\t\t\t<\/div>\n\t\t\t\t<\/div>\n\t\t\t\t\t<\/div>\n\t\t<\/div>\n\t\t\t\t<div class=\"elementor-column elementor-col-50 elementor-inner-column elementor-element elementor-element-8128b70\" data-id=\"8128b70\" data-element_type=\"column\">\n\t\t\t<div class=\"elementor-widget-wrap elementor-element-populated\">\n\t\t\t\t\t\t\t\t<div class=\"elementor-element elementor-element-93df7df elementor-widget elementor-widget-image\" data-id=\"93df7df\" data-element_type=\"widget\" data-widget_type=\"image.default\">\n\t\t\t\t<div class=\"elementor-widget-container\">\n\t\t\t<style>\/*! elementor - v3.14.0 - 26-06-2023 *\/\n.elementor-widget-image{text-align:center}.elementor-widget-image a{display:inline-block}.elementor-widget-image a img[src$=\".svg\"]{width:48px}.elementor-widget-image img{vertical-align:middle;display:inline-block}<\/style>\t\t\t\t\t\t\t\t\t\t\t\t<img loading=\"lazy\" decoding=\"async\" width=\"803\" height=\"1024\" src=\"https:\/\/forum-soleckie2025.pl\/wp-content\/uploads\/2024\/01\/milofio-803x1024.jpg\" class=\"attachment-large size-large wp-image-1694\" alt=\"\" srcset=\"https:\/\/forum-soleckie2025.pl\/wp-content\/uploads\/2024\/01\/milofio-803x1024.jpg 803w, https:\/\/forum-soleckie2025.pl\/wp-content\/uploads\/2024\/01\/milofio-235x300.jpg 235w, https:\/\/forum-soleckie2025.pl\/wp-content\/uploads\/2024\/01\/milofio-768x979.jpg 768w, https:\/\/forum-soleckie2025.pl\/wp-content\/uploads\/2024\/01\/milofio.jpg 851w\" sizes=\"auto, (max-width: 803px) 100vw, 803px\" \/>\t\t\t\t\t\t\t\t\t\t\t\t\t\t\t<\/div>\n\t\t\t\t<\/div>\n\t\t\t\t\t<\/div>\n\t\t<\/div>\n\t\t\t\t\t\t\t<\/div>\n\t\t<\/section>\n\t\t\t\t\t<\/div>\n\t\t<\/div>\n\t\t\t\t\t\t\t<\/div>\n\t\t<\/section>\n\t\t\t\t\t\t\t<\/div>\n\t\t","protected":false},"excerpt":{"rendered":"<p>Dofinansowanie projektu Home Wzmocnienie kompetencyjne przedstawicieli so\u0142ectw subregionu wa\u0142brzyskiego Mamy przyjemno\u015b\u0107 poinformowa\u0107, \u017ce Fundacja Projekty Lokalne w latach 2023-2025 b\u0119dzie.. <span class=\"sb-el-more\"><a href=\"https:\/\/forum-soleckie2025.pl\/?page_id=623\" class=\"sb-btn\"><span class=\"sb-icon\"><span class=\"sb-icon-arrow\"><\/span><\/span><span>Read more<\/span><\/a><\/span><\/p>\n","protected":false},"author":1,"featured_media":0,"parent":0,"menu_order":0,"comment_status":"closed","ping_status":"closed","template":"template-layout-builder.php","meta":{"footnotes":""},"class_list":["post-623","page","type-page","status-publish","hentry"],"acf":[],"_links":{"self":[{"href":"https:\/\/forum-soleckie2025.pl\/index.php?rest_route=\/wp\/v2\/pages\/623","targetHints":{"allow":["GET"]}}],"collection":[{"href":"https:\/\/forum-soleckie2025.pl\/index.php?rest_route=\/wp\/v2\/pages"}],"about":[{"href":"https:\/\/forum-soleckie2025.pl\/index.php?rest_route=\/wp\/v2\/types\/page"}],"author":[{"embeddable":true,"href":"https:\/\/forum-soleckie2025.pl\/index.php?rest_route=\/wp\/v2\/users\/1"}],"replies":[{"embeddable":true,"href":"https:\/\/forum-soleckie2025.pl\/index.php?rest_route=%2Fwp%2Fv2%2Fcomments&post=623"}],"version-history":[{"count":8,"href":"https:\/\/forum-soleckie2025.pl\/index.php?rest_route=\/wp\/v2\/pages\/623\/revisions"}],"predecessor-version":[{"id":1701,"href":"https:\/\/forum-soleckie2025.pl\/index.php?rest_route=\/wp\/v2\/pages\/623\/revisions\/1701"}],"wp:attachment":[{"href":"https:\/\/forum-soleckie2025.pl\/index.php?rest_route=%2Fwp%2Fv2%2Fmedia&parent=623"}],"curies":[{"name":"wp","href":"https:\/\/api.w.org\/{rel}","templated":true}]}}