{"id":780,"date":"2022-07-26T16:25:57","date_gmt":"2022-07-26T14:25:57","guid":{"rendered":"https:\/\/starbelly-demo.bslthemes.com\/?page_id=780"},"modified":"2025-09-14T16:03:59","modified_gmt":"2025-09-14T14:03:59","slug":"kontakt","status":"publish","type":"page","link":"https:\/\/forum-soleckie2025.pl\/?page_id=780","title":{"rendered":"Kontakt z nami"},"content":{"rendered":"\t\t<div data-elementor-type=\"wp-page\" data-elementor-id=\"780\" class=\"elementor elementor-780\">\n\t\t\t\t\t\t\t\t\t<section class=\"elementor-section elementor-top-section elementor-element elementor-element-a9d24b9 elementor-section-full_width elementor-section-height-default elementor-section-height-default\" data-id=\"a9d24b9\" data-element_type=\"section\">\n\t\t\t\t\t\t<div class=\"elementor-container elementor-column-gap-no\">\n\t\t\t\t\t<div class=\"elementor-column elementor-col-100 elementor-top-column elementor-element elementor-element-182c52e\" data-id=\"182c52e\" data-element_type=\"column\">\n\t\t\t<div class=\"elementor-widget-wrap elementor-element-populated\">\n\t\t\t\t\t\t\t\t<div class=\"elementor-element elementor-element-ecc038e elementor-widget elementor-widget-starbelly-intro-reservation\" data-id=\"ecc038e\" data-element_type=\"widget\" data-widget_type=\"starbelly-intro-reservation.default\">\n\t\t\t\t<div class=\"elementor-widget-container\">\n\t\t\t\n    <!-- banner -->\n    <section class=\"sb-banner sb-banner-color\">\n      <div class=\"container\">\n        <div class=\"row align-items-center\">\n          <div class=\"col-lg-7\">\n            <!-- main title -->\n            <div class=\"sb-main-title-frame\">\n              <div class=\"sb-main-title\">\n                                <span class=\"sb-suptitle sb-mb-30\">\n                  <span >\n                    Kontakt z nami                  <\/span>\n                <\/span>\n                                                <h1 class=\"sb-title-el sb-mb-30\">\n                  <span >\n                    Masz pytania?                  <\/span>\n                <\/h1>\n                                                <p class=\"sb-text sb-text-lg sb-mb-30\">\n                  <span >\n                    Fundacja Projekty Lokalne<br>\nKr\u00f3tka 3B, 57-550 Stronie \u015al\u0105skie<br>\nKRS: 0000741590<br><br>\n\nwww.forumsoleckie2023.pl<br>\nhttps:\/\/www.facebook.com\/ProjektyLokalne\/<br>\n<br>\nMail: kontakt@forumsoleckie.pl\n                  <\/span>\n                <\/p>\n                                                <ul class=\"sb-breadcrumbs\"><li><a href=\"https:\/\/forum-soleckie2025.pl\" title=\"Forum So\u0142eckie 2025\">Home<\/a><\/li><li class=\"sb-active\"><a ><\/a><\/li><\/ul>                              <\/div>\n            <\/div>\n            <!-- main title end -->\n          <\/div>\n          <div class=\"col-lg-5\">\n            <div class=\"sb-contact-form-frame\">\n              <div class=\"sb-illustration-9\">\n                                                <img decoding=\"async\" src=\"https:\/\/forum-soleckie2025.pl\/wp-content\/uploads\/2022\/07\/lkmlm.png\" alt=\"Kontakt z nami\" class=\"sb-envelope-1\" \/>\n                                \t\t\t\t\t\t\t\t                \t\t\t\t\t\t\t\t<img decoding=\"async\" src=\"\" alt=\"Kontakt z nami\" class=\"sb-envelope-2\" \/>\n\t\t\t\t\t\t\t\t\t\t\t\t\t\t\t\t                                <div class=\"sb-cirkle-1\"><\/div>\n                <div class=\"sb-cirkle-2\"><\/div>\n                <div class=\"sb-cirkle-3\"><\/div>\n                              <\/div>\n              <div class=\"sb-form-content\">\n                <div class=\"sb-main-content\">\n                                    <h3 class=\"sb-mb-30\">\n                    <span >\n                      Wy\u015blij wiadmo\u015b\u0107                    <\/span>\n                  <\/h3>\n                                        \t          \t      \t                \t\n<div class=\"wpcf7 no-js\" id=\"wpcf7-f788-o1\" lang=\"en-US\" dir=\"ltr\">\n<div class=\"screen-reader-response\"><p role=\"status\" aria-live=\"polite\" aria-atomic=\"true\"><\/p> <ul><\/ul><\/div>\n<form action=\"\/index.php?rest_route=%2Fwp%2Fv2%2Fpages%2F780#wpcf7-f788-o1\" method=\"post\" class=\"wpcf7-form init\" aria-label=\"Contact form\" novalidate=\"novalidate\" data-status=\"init\">\n<div style=\"display: none;\">\n<input type=\"hidden\" name=\"_wpcf7\" value=\"788\" \/>\n<input type=\"hidden\" name=\"_wpcf7_version\" value=\"5.7.7\" \/>\n<input type=\"hidden\" name=\"_wpcf7_locale\" value=\"en_US\" \/>\n<input type=\"hidden\" name=\"_wpcf7_unit_tag\" value=\"wpcf7-f788-o1\" \/>\n<input type=\"hidden\" name=\"_wpcf7_container_post\" value=\"0\" \/>\n<input type=\"hidden\" name=\"_wpcf7_posted_data_hash\" value=\"\" \/>\n<\/div>\n<div class=\"sb-group-input\">\n  <span class=\"wpcf7-form-control-wrap\" data-name=\"cf_name\"><input size=\"40\" class=\"wpcf7-form-control wpcf7-text wpcf7-validates-as-required\" aria-required=\"true\" aria-invalid=\"false\" placeholder=\"Imi\u0119 i nazwisko\" value=\"\" type=\"text\" name=\"cf_name\" \/><\/span>\n<\/div>\n<div class=\"sb-group-input\">\n  <span class=\"wpcf7-form-control-wrap\" data-name=\"cf_email\"><input size=\"40\" class=\"wpcf7-form-control wpcf7-text wpcf7-email wpcf7-validates-as-required wpcf7-validates-as-email\" aria-required=\"true\" aria-invalid=\"false\" placeholder=\"Email\" value=\"\" type=\"email\" name=\"cf_email\" \/><\/span>\n<\/div>\n<div class=\"sb-group-input\">\n  <span class=\"wpcf7-form-control-wrap\" data-name=\"cf_message\"><textarea cols=\"40\" rows=\"10\" class=\"wpcf7-form-control wpcf7-textarea wpcf7-validates-as-required\" aria-required=\"true\" aria-invalid=\"false\" placeholder=\"Wiadmo\u015b\u0107\" name=\"cf_message\"><\/textarea><\/span>\n<\/div>\n<p class=\"sb-text sb-text-xs sb-mb-30\">*Akceptuje polityk\u0119 prywatno\u015bci oraz RODO.<\/p>\n<!-- button -->\n<button class=\"sb-btn sb-cf-submit\" type=\"submit\">\n  <span class=\"sb-icon\">\n    <span class=\"sb-icon-arrow\"><\/span>\n  <\/span>\n  <span>Wy\u015blij!<\/span>\n<\/button>\n<!-- button end --><div class=\"wpcf7-response-output\" aria-hidden=\"true\"><\/div>\n<\/form>\n<\/div>\n    \t                    \t                          <\/div>\n              <\/div>\n            <\/div>\n          <\/div>\n        <\/div>\n      <\/div>\n    <\/section>\n    <!-- banner end -->\n\n\t\t\t\t<\/div>\n\t\t\t\t<\/div>\n\t\t\t\t\t<\/div>\n\t\t<\/div>\n\t\t\t\t\t\t\t<\/div>\n\t\t<\/section>\n\t\t\t\t<section class=\"elementor-section elementor-top-section elementor-element elementor-element-21b588c5 elementor-section-full_width elementor-section-height-default elementor-section-height-default\" data-id=\"21b588c5\" data-element_type=\"section\">\n\t\t\t\t\t\t<div class=\"elementor-container elementor-column-gap-no\">\n\t\t\t\t\t<div class=\"elementor-column elementor-col-100 elementor-top-column elementor-element elementor-element-6da27ace\" data-id=\"6da27ace\" data-element_type=\"column\">\n\t\t\t<div class=\"elementor-widget-wrap elementor-element-populated\">\n\t\t\t\t\t\t\t\t<div class=\"elementor-element elementor-element-b10c688 elementor-widget elementor-widget-spacer\" data-id=\"b10c688\" data-element_type=\"widget\" data-widget_type=\"spacer.default\">\n\t\t\t\t<div class=\"elementor-widget-container\">\n\t\t\t<style>\/*! elementor - v3.14.0 - 26-06-2023 *\/\n.elementor-column .elementor-spacer-inner{height:var(--spacer-size)}.e-con{--container-widget-width:100%}.e-con-inner>.elementor-widget-spacer,.e-con>.elementor-widget-spacer{width:var(--container-widget-width,var(--spacer-size));--align-self:var(--container-widget-align-self,initial);--flex-shrink:0}.e-con-inner>.elementor-widget-spacer>.elementor-widget-container,.e-con-inner>.elementor-widget-spacer>.elementor-widget-container>.elementor-spacer,.e-con>.elementor-widget-spacer>.elementor-widget-container,.e-con>.elementor-widget-spacer>.elementor-widget-container>.elementor-spacer{height:100%}.e-con-inner>.elementor-widget-spacer>.elementor-widget-container>.elementor-spacer>.elementor-spacer-inner,.e-con>.elementor-widget-spacer>.elementor-widget-container>.elementor-spacer>.elementor-spacer-inner{height:var(--container-widget-height,var(--spacer-size))}<\/style>\t\t<div class=\"elementor-spacer\">\n\t\t\t<div class=\"elementor-spacer-inner\"><\/div>\n\t\t<\/div>\n\t\t\t\t<\/div>\n\t\t\t\t<\/div>\n\t\t\t\t<div class=\"elementor-element elementor-element-7b228407 elementor-widget elementor-widget-starbelly-promo-video\" data-id=\"7b228407\" data-element_type=\"widget\" data-widget_type=\"starbelly-promo-video.default\">\n\t\t\t\t<div class=\"elementor-widget-container\">\n\t\t\t\n\t\t<!-- video -->\n\t\t<section class=\"sb-video\">\n\t\t\t<div class=\"container\">\n\t\t\t\t<div class=\"row align-items-center\">\n\t\t\t\t\t<div class=\"col-lg-6\">\n\t\t\t\t\t\t<div class=\"sb-mb-90\">\n\t\t\t\t\t\t\t\t\t\t\t\t\t\t<span class=\"sb-suptitle sb-mb-15\">\n\t\t\t\t\t\t\t\t<span >\n\t        \t\t\t\tFundusz so\u0142ecki\t        \t\t\t<\/span>\n\t\t\t\t\t\t\t<\/span>\n\t\t\t\t\t\t\t\t\t\t\t\t\t\t\t\t\t\t\t\t\t<h2 class=\"sb-mb-30\">\n\t\t\t\t\t\t\t\t<span >\n\t        \t\t\t\tObejrzyj film edukacyjny dla so\u0142tys\u00f3w i przygotuj si\u0119 na inspiruj\u0105ce wydarzenie!\t        \t\t\t<\/span>\n\t\t\t\t\t\t\t<\/h2>\n\t\t\t\t\t\t\t\t\t\t\t\t\t\t\t\t\t\t\t\t\t<div class=\"sb-text sb-mb-30\">\n\t\t\t\t\t\t\t\t<div >\n\t        \t\t\t\t<p>Zapraszamy do obejrzenia naszego nowego filmu edukacyjnego dedykowanego so\u0142tysom i przedstawicielom gmin z obszaru Ziemi Wa\u0142brzyskiej! Ten pe\u0142en inspiracji i przydatnych wskaz\u00f3wek film ma na celu dostarczenie wiedzy i umiej\u0119tno\u015bci niezb\u0119dnych do skutecznego zarz\u0105dzania i rozwoju obszar\u00f3w wiejskich.<\/p>\t        \t\t\t<\/div>\n\t\t\t\t\t\t\t<\/div>\n\t\t\t\t\t\t\t\t\t\t\t\t\t\t\t\t\t\t\t\t\t<!-- button -->\n\t\t\t\t\t\t\t<a data-magnific-video data-no-swup href=\"https:\/\/www.youtube.com\/watch?v=posDOS6_qQo\" class=\"sb-btn\">\n\t\t\t\t\t\t\t\t<span class=\"sb-icon\">\n\t\t\t\t\t\t\t\t\t<span class=\"sb-icon-play\"><\/span>\n\t\t\t\t\t\t\t\t<\/span>\n\t\t\t\t\t\t\t\t<span >\n\t        \t\t\t\tOgl\u0105daj film!\t        \t\t\t<\/span>\n\t\t\t\t\t\t\t<\/a>\n\t\t\t\t\t\t\t<!-- button end -->\n\t\t\t\t\t\t\t\t\t\t\t\t\t<\/div>\n\t\t\t\t\t<\/div>\n\t\t\t\t\t<div class=\"col-lg-6 align-self-center\">\n\t\t\t\t\t\t<div class=\"sb-illustration-7 sb-mb-90\">\n\t\t\t\t\t\t\t<div class=\"sb-interior-frame\">\n\t\t\t\t\t\t\t\t\t\t\t\t\t\t\t\t<img decoding=\"async\" src=\"https:\/\/forum-soleckie2025.pl\/wp-content\/uploads\/2023\/06\/2-min-1-950x497.jpg\" alt=\"Fundusz so\u0142ecki\" class=\"sb-interior\" \/>\n\t\t\t\t\t\t\t\t\t\t\t\t\t\t\t\t\t\t\t\t\t\t\t\t<a data-magnific-video data-no-swup href=\"https:\/\/www.youtube.com\/watch?v=posDOS6_qQo\" class=\"sb-video-play\"><i class=\"fas fa-play\"><\/i><\/a>\n\t\t\t\t\t\t\t\t\t\t\t\t\t\t\t<\/div>\n\n\t\t\t\t\t\t\t\t\t\t\t\t\t\t<div class=\"sb-cirkle-1\"><\/div>\n\t\t\t\t\t\t\t<div class=\"sb-cirkle-2\"><\/div>\n\t\t\t\t\t\t\t<div class=\"sb-cirkle-3\"><\/div>\n\t\t\t\t\t\t\t<div class=\"sb-cirkle-4\"><\/div>\n\t\t\t\t\t\t\t\t\t\t\t\t\t<\/div>\n\t\t\t\t\t<\/div>\n\t\t\t\t<\/div>\n\t\t\t<\/div>\n\t\t<\/section>\n\t\t<!-- video end -->\n\n\t\t\t\t<\/div>\n\t\t\t\t<\/div>\n\t\t\t\t\t<\/div>\n\t\t<\/div>\n\t\t\t\t\t\t\t<\/div>\n\t\t<\/section>\n\t\t\t\t<section class=\"elementor-section elementor-top-section elementor-element elementor-element-4dda6016 elementor-section-full_width elementor-section-height-default elementor-section-height-default\" data-id=\"4dda6016\" data-element_type=\"section\">\n\t\t\t\t\t\t<div class=\"elementor-container elementor-column-gap-no\">\n\t\t\t\t\t<div class=\"elementor-column elementor-col-100 elementor-top-column elementor-element elementor-element-6b2a42c6\" data-id=\"6b2a42c6\" data-element_type=\"column\">\n\t\t\t<div class=\"elementor-widget-wrap elementor-element-populated\">\n\t\t\t\t\t\t\t\t<div class=\"elementor-element elementor-element-1af80d8b elementor-widget elementor-widget-starbelly-categories\" data-id=\"1af80d8b\" data-element_type=\"widget\" data-widget_type=\"starbelly-categories.default\">\n\t\t\t\t<div class=\"elementor-widget-container\">\n\t\t\t\n\t\t<!-- categories -->\n\t\t<section class=\"sb-p-0-60\">\n\t\t\t<div class=\"container\">\n\t\t\t\t\t\t\t\t<div class=\"sb-group-title sb-mb-30\">\n\t\t\t\t\t\t\t\t\t\t<div class=\"sb-left sb-mb-30\">\n\t\t\t\t\t\t\t\t\t\t\t\t<h2 class=\"sb-title--h sb-mb-30\">\n\t\t\t\t\t\t\t<span >\n\t\t\t\t\t\t\t\tForum so\u0142eckie to dopiero pocz\u0105tek naszych dzia\u0142a\u0144!\t\t\t\t\t\t\t<\/span>\n\t\t\t\t\t\t<\/h2>\n\t\t\t\t\t\t\t\t\t\t\t\t\t\t\t\t\t\t<p class=\"sb-text\">\n\t\t\t\t\t\t\t<span >\n\t\t\t\t\t\t\t\tNaszym celem jest wzmocnienie kompetencji os\u00f3b dzia\u0142aj\u0105cych w organach so\u0142ectw i przedstawicieli organizacji na obszarze so\u0142ectw. Skierowane jest to do so\u0142tys\u00f3w, rad so\u0142eckich i innych organizacji, kt\u00f3re wspieraj\u0105 rozw\u00f3j so\u0142ectw jako jednostek pomocniczych gmin. <br><br>Uczestnicy projektu zdob\u0119d\u0105 wiedz\u0119 w trzech kluczowych obszarach: finanse so\u0142ectwa, aktywizacja spo\u0142eczno\u015bci lokalnych oraz ekologia (ochrona w\u00f3d, odnawialne \u017ar\u00f3d\u0142a energii, zagospodarowanie przestrzenne).\t\t\t\t\t\t\t<\/span>\n\t\t\t\t\t\t<\/p>\n\t\t\t\t\t\t\t\t\t\t\t<\/div>\n\t\t\t\t\t\t\t\t\t\t\t\t\t\t\t<div class=\"sb-right sb-mb-30\">\n\t\t\t\t\t\t<!-- button -->\n\t\t\t\t\t\t<a href=\"https:\/\/forms.gle\/Ng1J6Caod9sW3oz3A\" class=\"sb-btn sb-m-0\">\n\t\t\t\t\t\t\t<span class=\"sb-icon\">\n\t\t\t\t\t\t\t\t<span class=\"sb-icon-arrow\"><\/span>\n\t\t\t\t\t\t\t<\/span>\n\t\t\t\t\t\t\t<span >\n\t\t\t\t\t\t\t\tZarejestruj si\u0119 na IV Forum So\u0142eckie\t\t\t\t\t\t\t<\/span>\n\t\t\t\t\t\t<\/a>\n\t\t\t\t\t\t<!-- button end -->\n\t\t\t\t\t<\/div>\n\t\t\t\t\t\t\t\t\t<\/div>\n\t\t\t\t\n\t\t\t\t\t\t\t\t<div class=\"row\">\n\t\t\t\t\t\t\t\t\t\t<div class=\"col-lg-3\">\n\t\t\t\t\t\t<a href=\"#\" class=\"sb-categorie-card sb-mb-30\">\n\t\t\t\t\t\t\t<div class=\"sb-card-body\">\n\t\t\t\t\t\t\t\t\t\t\t\t\t\t\t\t<div class=\"sb-category-icon\">\n\t\t\t\t\t\t\t\t\t<img decoding=\"async\" src=\"https:\/\/forum-soleckie2025.pl\/wp-content\/uploads\/2022\/07\/lkmlm.png\" alt=\"icon\" \/>\n\t\t\t\t\t\t\t\t<\/div>\n\t\t\t\t\t\t\t\t\t\t\t\t\t\t\t\t\t\t\t\t\t\t\t\t<div class=\"sb-card-descr\">\n\t\t\t\t\t\t\t\t\t\t\t\t\t\t\t\t\t\t<h3 class=\"sb-mb-10\">\n\t\t\t\t\t\t\t\t\t\t<span >\n\t\t\t\t\t        \t\t7 warsztat\u00f3w tematycznych\t\t\t\t\t        \t<\/span>\n\t\t\t\t\t\t\t\t\t<\/h3>\n\t\t\t\t\t\t\t\t\t\t\t\t\t\t\t\t\t\t\t\t\t\t\t\t\t\t\t<p class=\"sb-text\">\n\t\t\t\t\t\t\t\t\t\t<span >\n\t\t\t\t\t        \t\tskierowanych do przedstawicieli so\u0142ectw z terenu Subregionu Wa\u0142brzyskiego.\t\t\t\t\t        \t<\/span>\n\t\t\t\t\t\t\t\t\t<\/p>\n\t\t\t\t\t\t\t\t\t\t\t\t\t\t\t\t\t\t\t\t\t\t\t\t\t\t\t<!-- button -->\n\t\t\t\t\t\t\t\t\t<span class=\"sb-btn sb-btn-2 sb-btn-icon sb-mt-15 sb-m-0\">\n\t\t\t\t\t\t\t\t\t\t<span class=\"sb-icon\">\n\t\t\t\t\t\t\t\t\t\t\t<span class=\"sb-icon-arrow\"><\/span>\n\t\t\t\t\t\t\t\t\t\t<\/span>\n\t\t\t\t\t\t\t\t\t<\/span>\n\t\t\t\t\t\t\t\t\t<!-- button end -->\n\t\t\t\t\t\t\t\t\t\t\t\t\t\t\t\t\t<\/div>\n\t\t\t\t\t\t\t\t\t\t\t\t\t\t\t<\/div>\n\t\t\t\t\t\t<\/a>\n\t\t\t\t\t<\/div>\n\t\t\t\t\t\t\t\t\t\t<div class=\"col-lg-3\">\n\t\t\t\t\t\t<a href=\"\" class=\"sb-categorie-card sb-mb-30\">\n\t\t\t\t\t\t\t<div class=\"sb-card-body\">\n\t\t\t\t\t\t\t\t\t\t\t\t\t\t\t\t<div class=\"sb-category-icon\">\n\t\t\t\t\t\t\t\t\t<img decoding=\"async\" src=\"https:\/\/forum-soleckie2025.pl\/wp-content\/uploads\/2022\/07\/lkmlm.png\" alt=\"icon\" \/>\n\t\t\t\t\t\t\t\t<\/div>\n\t\t\t\t\t\t\t\t\t\t\t\t\t\t\t\t\t\t\t\t\t\t\t\t<div class=\"sb-card-descr\">\n\t\t\t\t\t\t\t\t\t\t\t\t\t\t\t\t\t\t<h3 class=\"sb-mb-10\">\n\t\t\t\t\t\t\t\t\t\t<span >\n\t\t\t\t\t        \t\tDedykowana broszura\t\t\t\t\t        \t<\/span>\n\t\t\t\t\t\t\t\t\t<\/h3>\n\t\t\t\t\t\t\t\t\t\t\t\t\t\t\t\t\t\t\t\t\t\t\t\t\t\t\t<p class=\"sb-text\">\n\t\t\t\t\t\t\t\t\t\t<span >\n\t\t\t\t\t        \t\tzawieraj\u0105ca przydatne informacje i porady s\u0142u\u017c\u0105ce wzmacnianiu instytucjonalnemu\nso\u0142ectw.\t\t\t\t\t        \t<\/span>\n\t\t\t\t\t\t\t\t\t<\/p>\n\t\t\t\t\t\t\t\t\t\t\t\t\t\t\t\t\t\t\t\t\t\t\t\t\t\t\t<!-- button -->\n\t\t\t\t\t\t\t\t\t<span class=\"sb-btn sb-btn-2 sb-btn-icon sb-mt-15 sb-m-0\">\n\t\t\t\t\t\t\t\t\t\t<span class=\"sb-icon\">\n\t\t\t\t\t\t\t\t\t\t\t<span class=\"sb-icon-arrow\"><\/span>\n\t\t\t\t\t\t\t\t\t\t<\/span>\n\t\t\t\t\t\t\t\t\t<\/span>\n\t\t\t\t\t\t\t\t\t<!-- button end -->\n\t\t\t\t\t\t\t\t\t\t\t\t\t\t\t\t\t<\/div>\n\t\t\t\t\t\t\t\t\t\t\t\t\t\t\t<\/div>\n\t\t\t\t\t\t<\/a>\n\t\t\t\t\t<\/div>\n\t\t\t\t\t\t\t\t\t\t<div class=\"col-lg-3\">\n\t\t\t\t\t\t<a href=\"#\" class=\"sb-categorie-card sb-mb-30\">\n\t\t\t\t\t\t\t<div class=\"sb-card-body\">\n\t\t\t\t\t\t\t\t\t\t\t\t\t\t\t\t<div class=\"sb-category-icon\">\n\t\t\t\t\t\t\t\t\t<img decoding=\"async\" src=\"https:\/\/forum-soleckie2025.pl\/wp-content\/uploads\/2022\/07\/lkmlm.png\" alt=\"icon\" \/>\n\t\t\t\t\t\t\t\t<\/div>\n\t\t\t\t\t\t\t\t\t\t\t\t\t\t\t\t\t\t\t\t\t\t\t\t<div class=\"sb-card-descr\">\n\t\t\t\t\t\t\t\t\t\t\t\t\t\t\t\t\t\t<h3 class=\"sb-mb-10\">\n\t\t\t\t\t\t\t\t\t\t<span >\n\t\t\t\t\t        \t\t4 filmy edukacyjne dla so\u0142tys\u00f3w\t\t\t\t\t        \t<\/span>\n\t\t\t\t\t\t\t\t\t<\/h3>\n\t\t\t\t\t\t\t\t\t\t\t\t\t\t\t\t\t\t\t\t\t\t\t\t\t\t\t<p class=\"sb-text\">\n\t\t\t\t\t\t\t\t\t\t<span >\n\t\t\t\t\t        \t\tprezentuj\u0105ce praktyczn\u0105\nwiedz\u0119 na tematy dotycz\u0105ce dzia\u0142alno\u015bci so\u0142ectw.\t\t\t\t\t        \t<\/span>\n\t\t\t\t\t\t\t\t\t<\/p>\n\t\t\t\t\t\t\t\t\t\t\t\t\t\t\t\t\t\t\t\t\t\t\t\t\t\t\t<!-- button -->\n\t\t\t\t\t\t\t\t\t<span class=\"sb-btn sb-btn-2 sb-btn-icon sb-mt-15 sb-m-0\">\n\t\t\t\t\t\t\t\t\t\t<span class=\"sb-icon\">\n\t\t\t\t\t\t\t\t\t\t\t<span class=\"sb-icon-arrow\"><\/span>\n\t\t\t\t\t\t\t\t\t\t<\/span>\n\t\t\t\t\t\t\t\t\t<\/span>\n\t\t\t\t\t\t\t\t\t<!-- button end -->\n\t\t\t\t\t\t\t\t\t\t\t\t\t\t\t\t\t<\/div>\n\t\t\t\t\t\t\t\t\t\t\t\t\t\t\t<\/div>\n\t\t\t\t\t\t<\/a>\n\t\t\t\t\t<\/div>\n\t\t\t\t\t\t\t\t\t\t<div class=\"col-lg-3\">\n\t\t\t\t\t\t<a href=\"#\" class=\"sb-categorie-card sb-mb-30\">\n\t\t\t\t\t\t\t<div class=\"sb-card-body\">\n\t\t\t\t\t\t\t\t\t\t\t\t\t\t\t\t<div class=\"sb-category-icon\">\n\t\t\t\t\t\t\t\t\t<img decoding=\"async\" src=\"https:\/\/forum-soleckie2025.pl\/wp-content\/uploads\/2022\/07\/lkmlm.png\" alt=\"icon\" \/>\n\t\t\t\t\t\t\t\t<\/div>\n\t\t\t\t\t\t\t\t\t\t\t\t\t\t\t\t\t\t\t\t\t\t\t\t<div class=\"sb-card-descr\">\n\t\t\t\t\t\t\t\t\t\t\t\t\t\t\t\t\t\t<h3 class=\"sb-mb-10\">\n\t\t\t\t\t\t\t\t\t\t<span >\n\t\t\t\t\t        \t\tTrzy edycje Forum So\u0142eckiego\t\t\t\t\t        \t<\/span>\n\t\t\t\t\t\t\t\t\t<\/h3>\n\t\t\t\t\t\t\t\t\t\t\t\t\t\t\t\t\t\t\t\t\t\t\t\t\t\t\t<p class=\"sb-text\">\n\t\t\t\t\t\t\t\t\t\t<span >\n\t\t\t\t\t        \t\tw 2023 - finanse so\u0142ectwa,\nw 2024 - partycypacja spo\u0142eczna,\nw 2025 - ochrona \u015brodowiska.\t\t\t\t\t        \t<\/span>\n\t\t\t\t\t\t\t\t\t<\/p>\n\t\t\t\t\t\t\t\t\t\t\t\t\t\t\t\t\t\t\t\t\t\t\t\t\t\t\t<!-- button -->\n\t\t\t\t\t\t\t\t\t<span class=\"sb-btn sb-btn-2 sb-btn-icon sb-mt-15 sb-m-0\">\n\t\t\t\t\t\t\t\t\t\t<span class=\"sb-icon\">\n\t\t\t\t\t\t\t\t\t\t\t<span class=\"sb-icon-arrow\"><\/span>\n\t\t\t\t\t\t\t\t\t\t<\/span>\n\t\t\t\t\t\t\t\t\t<\/span>\n\t\t\t\t\t\t\t\t\t<!-- button end -->\n\t\t\t\t\t\t\t\t\t\t\t\t\t\t\t\t\t<\/div>\n\t\t\t\t\t\t\t\t\t\t\t\t\t\t\t<\/div>\n\t\t\t\t\t\t<\/a>\n\t\t\t\t\t<\/div>\n\t\t\t\t\t\t\t\t\t<\/div>\n\t\t\t\t\t\t\t<\/div>\n\t\t<\/section>\n\t\t<!-- categories end -->\n\n\t\t\t\t<\/div>\n\t\t\t\t<\/div>\n\t\t\t\t\t<\/div>\n\t\t<\/div>\n\t\t\t\t\t\t\t<\/div>\n\t\t<\/section>\n\t\t\t\t<section class=\"elementor-section elementor-top-section elementor-element elementor-element-704d7e3 elementor-section-boxed elementor-section-height-default elementor-section-height-default\" data-id=\"704d7e3\" data-element_type=\"section\">\n\t\t\t\t\t\t<div class=\"elementor-container elementor-column-gap-default\">\n\t\t\t\t\t<div class=\"elementor-column elementor-col-100 elementor-top-column elementor-element elementor-element-3e0b8d54\" data-id=\"3e0b8d54\" data-element_type=\"column\">\n\t\t\t<div class=\"elementor-widget-wrap elementor-element-populated\">\n\t\t\t\t\t\t\t\t<section class=\"elementor-section elementor-inner-section elementor-element elementor-element-3746a8b7 elementor-section-boxed elementor-section-height-default elementor-section-height-default\" data-id=\"3746a8b7\" data-element_type=\"section\">\n\t\t\t\t\t\t<div class=\"elementor-container elementor-column-gap-default\">\n\t\t\t\t\t<div class=\"elementor-column elementor-col-100 elementor-inner-column elementor-element elementor-element-1280ed1b\" data-id=\"1280ed1b\" data-element_type=\"column\">\n\t\t\t<div class=\"elementor-widget-wrap elementor-element-populated\">\n\t\t\t\t\t\t\t\t<div class=\"elementor-element elementor-element-1d76208d elementor-hidden-tablet elementor-hidden-mobile elementor-widget elementor-widget-image\" data-id=\"1d76208d\" data-element_type=\"widget\" data-widget_type=\"image.default\">\n\t\t\t\t<div class=\"elementor-widget-container\">\n\t\t\t<style>\/*! elementor - v3.14.0 - 26-06-2023 *\/\n.elementor-widget-image{text-align:center}.elementor-widget-image a{display:inline-block}.elementor-widget-image a img[src$=\".svg\"]{width:48px}.elementor-widget-image img{vertical-align:middle;display:inline-block}<\/style>\t\t\t\t\t\t\t\t\t\t\t\t<img loading=\"lazy\" decoding=\"async\" width=\"1200\" height=\"628\" src=\"https:\/\/forum-soleckie2025.pl\/wp-content\/uploads\/2025\/09\/wydarzenie-kopia.jpg\" class=\"attachment-full size-full wp-image-1787\" alt=\"\" srcset=\"https:\/\/forum-soleckie2025.pl\/wp-content\/uploads\/2025\/09\/wydarzenie-kopia.jpg 1200w, https:\/\/forum-soleckie2025.pl\/wp-content\/uploads\/2025\/09\/wydarzenie-kopia-300x157.jpg 300w, https:\/\/forum-soleckie2025.pl\/wp-content\/uploads\/2025\/09\/wydarzenie-kopia-1024x536.jpg 1024w, https:\/\/forum-soleckie2025.pl\/wp-content\/uploads\/2025\/09\/wydarzenie-kopia-768x402.jpg 768w, https:\/\/forum-soleckie2025.pl\/wp-content\/uploads\/2025\/09\/wydarzenie-kopia-950x497.jpg 950w\" sizes=\"auto, (max-width: 1200px) 100vw, 1200px\" \/>\t\t\t\t\t\t\t\t\t\t\t\t\t\t\t<\/div>\n\t\t\t\t<\/div>\n\t\t\t\t<div class=\"elementor-element elementor-element-4c70ea48 elementor-hidden-desktop elementor-widget elementor-widget-image\" data-id=\"4c70ea48\" data-element_type=\"widget\" data-widget_type=\"image.default\">\n\t\t\t\t<div class=\"elementor-widget-container\">\n\t\t\t\t\t\t\t\t\t\t\t\t\t\t\t<img loading=\"lazy\" decoding=\"async\" width=\"1300\" height=\"384\" src=\"https:\/\/forum-soleckie2025.pl\/wp-content\/uploads\/2024\/09\/belka-min.jpg\" class=\"attachment-full size-full wp-image-1735\" alt=\"\" srcset=\"https:\/\/forum-soleckie2025.pl\/wp-content\/uploads\/2024\/09\/belka-min.jpg 1300w, https:\/\/forum-soleckie2025.pl\/wp-content\/uploads\/2024\/09\/belka-min-300x89.jpg 300w, https:\/\/forum-soleckie2025.pl\/wp-content\/uploads\/2024\/09\/belka-min-1024x302.jpg 1024w, https:\/\/forum-soleckie2025.pl\/wp-content\/uploads\/2024\/09\/belka-min-768x227.jpg 768w, https:\/\/forum-soleckie2025.pl\/wp-content\/uploads\/2024\/09\/belka-min-950x281.jpg 950w\" sizes=\"auto, (max-width: 1300px) 100vw, 1300px\" \/>\t\t\t\t\t\t\t\t\t\t\t\t\t\t\t<\/div>\n\t\t\t\t<\/div>\n\t\t\t\t<div class=\"elementor-element elementor-element-7d29a5c elementor-widget elementor-widget-spacer\" data-id=\"7d29a5c\" data-element_type=\"widget\" data-widget_type=\"spacer.default\">\n\t\t\t\t<div class=\"elementor-widget-container\">\n\t\t\t\t\t<div class=\"elementor-spacer\">\n\t\t\t<div class=\"elementor-spacer-inner\"><\/div>\n\t\t<\/div>\n\t\t\t\t<\/div>\n\t\t\t\t<\/div>\n\t\t\t\t\t<\/div>\n\t\t<\/div>\n\t\t\t\t\t\t\t<\/div>\n\t\t<\/section>\n\t\t\t\t\t<\/div>\n\t\t<\/div>\n\t\t\t\t\t\t\t<\/div>\n\t\t<\/section>\n\t\t\t\t\t\t\t<\/div>\n\t\t","protected":false},"excerpt":{"rendered":"<p>Kontakt z nami Masz pytania? Fundacja Projekty Lokalne Kr\u00f3tka 3B, 57-550 Stronie \u015al\u0105skie KRS: 0000741590 www.forumsoleckie2023.pl https:\/\/www.facebook.com\/ProjektyLokalne\/ Mail: kontakt@forumsoleckie.pl Home.. <span class=\"sb-el-more\"><a href=\"https:\/\/forum-soleckie2025.pl\/?page_id=780\" class=\"sb-btn\"><span class=\"sb-icon\"><span class=\"sb-icon-arrow\"><\/span><\/span><span>Read more<\/span><\/a><\/span><\/p>\n","protected":false},"author":1,"featured_media":0,"parent":0,"menu_order":0,"comment_status":"closed","ping_status":"closed","template":"template-layout-builder.php","meta":{"footnotes":""},"class_list":["post-780","page","type-page","status-publish","hentry"],"acf":[],"_links":{"self":[{"href":"https:\/\/forum-soleckie2025.pl\/index.php?rest_route=\/wp\/v2\/pages\/780","targetHints":{"allow":["GET"]}}],"collection":[{"href":"https:\/\/forum-soleckie2025.pl\/index.php?rest_route=\/wp\/v2\/pages"}],"about":[{"href":"https:\/\/forum-soleckie2025.pl\/index.php?rest_route=\/wp\/v2\/types\/page"}],"author":[{"embeddable":true,"href":"https:\/\/forum-soleckie2025.pl\/index.php?rest_route=\/wp\/v2\/users\/1"}],"replies":[{"embeddable":true,"href":"https:\/\/forum-soleckie2025.pl\/index.php?rest_route=%2Fwp%2Fv2%2Fcomments&post=780"}],"version-history":[{"count":29,"href":"https:\/\/forum-soleckie2025.pl\/index.php?rest_route=\/wp\/v2\/pages\/780\/revisions"}],"predecessor-version":[{"id":1803,"href":"https:\/\/forum-soleckie2025.pl\/index.php?rest_route=\/wp\/v2\/pages\/780\/revisions\/1803"}],"wp:attachment":[{"href":"https:\/\/forum-soleckie2025.pl\/index.php?rest_route=%2Fwp%2Fv2%2Fmedia&parent=780"}],"curies":[{"name":"wp","href":"https:\/\/api.w.org\/{rel}","templated":true}]}}